{"id":95,"date":"2021-07-16T09:42:57","date_gmt":"2021-07-16T09:42:57","guid":{"rendered":"https:\/\/speculumartium.si\/wp21\/?page_id=95"},"modified":"2024-08-31T18:43:33","modified_gmt":"2024-08-31T18:43:33","slug":"festival","status":"publish","type":"page","link":"https:\/\/speculumartium.si\/wp21\/festival\/","title":{"rendered":"Festival"},"content":{"rendered":"\n<h1 class=\"wp-block-heading alignwide\">Speculum Artium: Festival novomedijske umetnosti<\/h1>\n\n\n\n<div class=\"wp-block-group alignwide is-layout-flow wp-block-group-is-layout-flow\">\n<p>Trbovlje so na opotekajo\u010di poti, skozi zgodovinski razvoj, vedno dokazovale svojo avantgardnost na podro\u010dju kulture. Propad organizacijskih sistemov sociale in produkcije 20. stoletja nujno vodi v razmislek \u2013 kako naprej. Novomedijska kultura vsekakor nudi zgodovinsko prilo\u017enost, da v na\u0161em prostoru ponovno vzpostavimo ob\u010dutek samozavesti in vere v bodo\u010dnost. Sodobna umetnost je pristala v rokah parcialnih znanj in interesov, brezkompromisnega diktata postkapitalisti\u010dne miselnosti in trgovcev z novci. Nekako se je izmuznila objemu poetov \u2013 raziskovalcev. Speculum Artium predstavlja produkcije, ki se porajajo znotraj same strukture novomedijskih praks v svetu:<\/p>\n\n\n\n<ul class=\"wp-block-list\">\n<li>sinteza principa umetnosti in tehnologije,<\/li>\n\n\n\n<li>socializacija novomedijske produkcije,<\/li>\n\n\n\n<li>peljati rde\u010do nit med tradicionalnimi vizualnimi in novomedijskimi praksami,<\/li>\n\n\n\n<li>vzpostaviti kriti\u010dno refleksijo \u2013 surbvezivni vmesnik med umetnostjo, tehnologijo in dru\u017ebo.<\/li>\n<\/ul>\n\n\n\n<p>Kontakt: <a href=\"mailto:info@dd-trbovlje.si\">info@dd-trbovlje.si<\/a><\/p>\n<\/div>\n","protected":false},"excerpt":{"rendered":"<p>Speculum Artium: Festival novomedijske umetnosti Trbovlje so na opotekajo\u010di poti, skozi zgodovinski razvoj, vedno dokazovale svojo avantgardnost na podro\u010dju kulture. Propad organizacijskih sistemov sociale in produkcije 20. stoletja nujno vodi v razmislek \u2013 kako naprej. Novomedijska kultura vsekakor nudi zgodovinsko prilo\u017enost, da v na\u0161em prostoru ponovno vzpostavimo ob\u010dutek samozavesti in vere v bodo\u010dnost. Sodobna umetnost [&hellip;]<\/p>\n","protected":false},"author":1,"featured_media":0,"parent":0,"menu_order":0,"comment_status":"closed","ping_status":"closed","template":"","meta":{"_coblocks_attr":"","_coblocks_dimensions":"","_coblocks_responsive_height":"","_coblocks_accordion_ie_support":"","avtor_projekta":"","_themeisle_gutenberg_block_has_review":false,"footnotes":""},"class_list":["post-95","page","type-page","status-publish","hentry"],"_links":{"self":[{"href":"https:\/\/speculumartium.si\/wp21\/wp-json\/wp\/v2\/pages\/95","targetHints":{"allow":["GET"]}}],"collection":[{"href":"https:\/\/speculumartium.si\/wp21\/wp-json\/wp\/v2\/pages"}],"about":[{"href":"https:\/\/speculumartium.si\/wp21\/wp-json\/wp\/v2\/types\/page"}],"author":[{"embeddable":true,"href":"https:\/\/speculumartium.si\/wp21\/wp-json\/wp\/v2\/users\/1"}],"replies":[{"embeddable":true,"href":"https:\/\/speculumartium.si\/wp21\/wp-json\/wp\/v2\/comments?post=95"}],"version-history":[{"count":3,"href":"https:\/\/speculumartium.si\/wp21\/wp-json\/wp\/v2\/pages\/95\/revisions"}],"predecessor-version":[{"id":3732,"href":"https:\/\/speculumartium.si\/wp21\/wp-json\/wp\/v2\/pages\/95\/revisions\/3732"}],"wp:attachment":[{"href":"https:\/\/speculumartium.si\/wp21\/wp-json\/wp\/v2\/media?parent=95"}],"curies":[{"name":"wp","href":"https:\/\/api.w.org\/{rel}","templated":true}]}}